{"id":38,"date":"2012-02-24T00:18:49","date_gmt":"2012-02-23T23:18:49","guid":{"rendered":"http:\/\/cisszkolabarki.home.pl\/autoinstalator\/wordpress\/?page_id=38"},"modified":"2018-02-19T15:30:01","modified_gmt":"2018-02-19T15:30:01","slug":"our-partners","status":"publish","type":"page","link":"http:\/\/barkais.org\/?page_id=38","title":{"rendered":"Our Partners"},"content":{"rendered":"<p><strong><img decoding=\"async\" loading=\"lazy\" class=\"alignnone wp-image-1200\" src=\"http:\/\/barkais.org\/wp-content\/uploads\/2012\/02\/reykjavikurborg-300x183.jpg\" alt=\"\" width=\"142\" height=\"89\" \/><\/strong><\/p>\n<p><strong>Department of Welfare \/ Velfer\u00f0arsvi\u00f0<br \/>\n<\/strong>Borgart\u00fan 12-14,<br \/>\n105 Reykjavik, Iceland<br \/>\nwebsite:\u00a0<a href=\"http:\/\/www.reykjavik.is\/\" target=\"_blank\" rel=\"noopener noreferrer\">www.reykjavik.is<\/a><\/p>\n<p>&nbsp;<\/p>\n<p><img decoding=\"async\" loading=\"lazy\" class=\"\" src=\"http:\/\/www.landpostur.is\/static\/news\/large_Samhjalp_Okt06.gif\" alt=\"Image result for samhjalp.is\" width=\"188\" height=\"89\" \/><br \/>\n<strong>Kaffistofa Samhj\u00e1lpar<\/strong><br \/>\nGu\u00f0r\u00fanart\u00fan 4,<br \/>\n101 Reykjav\u00edk, Iceland<br \/>\nwebsite: <a href=\"http:\/\/www.samhjalp.is\">www.samhjalp.is<\/a><\/p>\n<p><strong><br \/>\nGistisk\u00fdli\u00f0<br \/>\n<\/strong>Lindargata 48,<br \/>\n101 Reykjavik, Iceland<\/p>\n<p>&nbsp;<\/p>\n<p><img decoding=\"async\" loading=\"lazy\" class=\"\" src=\"http:\/\/www.urki.is\/swimg\/1013320\/rki_hringmerki.jpg\" alt=\"Image result for raudi krossinn\" width=\"129\" height=\"129\" \/><\/p>\n<p><strong>Rau\u00f0i krossinn<\/strong><br \/>\nEfstaleiti 9,<br \/>\n103 Reykjav\u00edk, Iceland<br \/>\nwebsite:\u00a0<a href=\"http:\/\/www.raudikrossinn.is\/\" target=\"_blank\" rel=\"noopener noreferrer\">www.raudikrossinn.is<\/a><\/p>\n<p>&nbsp;<\/p>\n<p>&nbsp;<\/p>\n<p><a href=\"http:\/\/cisszkolabarki.home.pl\/autoinstalator\/wordpress\/wp-content\/uploads\/2012\/02\/BARKA_logo.jpg\"><img decoding=\"async\" loading=\"lazy\" class=\"alignnone wp-image-220\" title=\"BARKA_logo\" src=\"http:\/\/cisszkolabarki.home.pl\/autoinstalator\/wordpress\/wp-content\/uploads\/2012\/02\/BARKA_logo-300x94.jpg\" alt=\"\" width=\"210\" height=\"66\" srcset=\"http:\/\/barkais.org\/wp-content\/uploads\/2012\/02\/BARKA_logo-300x94.jpg 300w, http:\/\/barkais.org\/wp-content\/uploads\/2012\/02\/BARKA_logo-768x241.jpg 768w, http:\/\/barkais.org\/wp-content\/uploads\/2012\/02\/BARKA_logo-500x157.jpg 500w, http:\/\/barkais.org\/wp-content\/uploads\/2012\/02\/BARKA_logo.jpg 1014w\" sizes=\"(max-width: 210px) 100vw, 210px\" \/><\/a><\/p>\n<p><strong>Barka Foundation in Poland<\/strong><br \/>\n<a href=\"http:\/\/www.barka.org.pl\" target=\"_blank\" rel=\"noopener noreferrer\">www.barka.org.pl<\/a><br \/>\nul. Sw Wincentego 6\/9<br \/>\nPL &#8211; 61003 Poznan<br \/>\nemail: <a href=\"mailto:barka@barka.org.pl\">barka@barka.org.pl<\/a><\/p>\n<p>&nbsp;<\/p>\n","protected":false},"excerpt":{"rendered":"<p>Department of Welfare \/ Velfer\u00f0arsvi\u00f0 Borgart\u00fan 12-14, 105 Reykjavik, Iceland website:\u00a0www.reykjavik.is &nbsp; Kaffistofa Samhj\u00e1lpar Gu\u00f0r\u00fanart\u00fan 4, 101 Reykjav\u00edk, Iceland website: www.samhjalp.is Gistisk\u00fdli\u00f0 Lindargata 48, 101 Reykjavik, Iceland &nbsp; Rau\u00f0i krossinn Efstaleiti 9, 103 Reykjav\u00edk, Iceland website:\u00a0www.raudikrossinn.is &nbsp; &nbsp; Barka Foundation &hellip; <a href=\"http:\/\/barkais.org\/?page_id=38\">Czytaj dalej <span class=\"meta-nav\">&rarr;<\/span><\/a><\/p>\n","protected":false},"author":2,"featured_media":0,"parent":0,"menu_order":0,"comment_status":"closed","ping_status":"closed","template":"sidebar-page.php","meta":[],"_links":{"self":[{"href":"http:\/\/barkais.org\/index.php?rest_route=\/wp\/v2\/pages\/38"}],"collection":[{"href":"http:\/\/barkais.org\/index.php?rest_route=\/wp\/v2\/pages"}],"about":[{"href":"http:\/\/barkais.org\/index.php?rest_route=\/wp\/v2\/types\/page"}],"author":[{"embeddable":true,"href":"http:\/\/barkais.org\/index.php?rest_route=\/wp\/v2\/users\/2"}],"replies":[{"embeddable":true,"href":"http:\/\/barkais.org\/index.php?rest_route=%2Fwp%2Fv2%2Fcomments&post=38"}],"version-history":[{"count":5,"href":"http:\/\/barkais.org\/index.php?rest_route=\/wp\/v2\/pages\/38\/revisions"}],"predecessor-version":[{"id":1223,"href":"http:\/\/barkais.org\/index.php?rest_route=\/wp\/v2\/pages\/38\/revisions\/1223"}],"wp:attachment":[{"href":"http:\/\/barkais.org\/index.php?rest_route=%2Fwp%2Fv2%2Fmedia&parent=38"}],"curies":[{"name":"wp","href":"https:\/\/api.w.org\/{rel}","templated":true}]}}